{"id":62,"date":"2022-11-09T11:52:58","date_gmt":"2022-11-09T11:52:58","guid":{"rendered":"https:\/\/relaks-domki.pl\/?page_id=62"},"modified":"2024-09-10T14:02:09","modified_gmt":"2024-09-10T14:02:09","slug":"strona-glowna","status":"publish","type":"page","link":"https:\/\/relaks-domki.pl\/","title":{"rendered":"Home"},"content":{"rendered":"\t\t<div data-elementor-type=\"wp-page\" data-elementor-id=\"62\" class=\"elementor elementor-62\">\n\t\t\t\t\t\t<section class=\"elementor-section elementor-top-section elementor-element elementor-element-805d621 elementor-section-height-min-height elementor-section-boxed elementor-section-height-default elementor-section-items-middle\" data-id=\"805d621\" data-element_type=\"section\" data-e-type=\"section\">\n\t\t\t\t\t\t<div class=\"elementor-container elementor-column-gap-default\">\n\t\t\t\t\t<div class=\"elementor-column elementor-col-100 elementor-top-column elementor-element elementor-element-18543a5\" data-id=\"18543a5\" data-element_type=\"column\" data-e-type=\"column\">\n\t\t\t<div class=\"elementor-widget-wrap elementor-element-populated\">\n\t\t\t\t\t\t<div class=\"elementor-element elementor-element-44aed42c elementor-invisible elementor-widget elementor-widget-heading\" data-id=\"44aed42c\" data-element_type=\"widget\" data-e-type=\"widget\" data-settings=\"{&quot;_animation&quot;:&quot;fadeIn&quot;,&quot;_animation_delay&quot;:&quot;200&quot;}\" data-widget_type=\"heading.default\">\n\t\t\t\t<div class=\"elementor-widget-container\">\n\t\t\t\t\t<h4 class=\"elementor-heading-title elementor-size-default\">Domki na wynajem w malowniczym otoczeniu i blisko morza<\/h4>\t\t\t\t<\/div>\n\t\t\t\t<\/div>\n\t\t\t\t<div class=\"elementor-element elementor-element-3b561db7 animated-slow elementor-widget__width-initial elementor-invisible elementor-widget elementor-widget-heading\" data-id=\"3b561db7\" data-element_type=\"widget\" data-e-type=\"widget\" data-settings=\"{&quot;_animation&quot;:&quot;fadeIn&quot;}\" data-widget_type=\"heading.default\">\n\t\t\t\t<div class=\"elementor-widget-container\">\n\t\t\t\t\t<h1 class=\"elementor-heading-title elementor-size-default\">Zaplanuj sw\u00f3j urlop<\/h1>\t\t\t\t<\/div>\n\t\t\t\t<\/div>\n\t\t\t\t<div class=\"elementor-element elementor-element-14f13073 elementor-widget__width-initial elementor-invisible elementor-widget elementor-widget-heading\" data-id=\"14f13073\" data-element_type=\"widget\" data-e-type=\"widget\" data-settings=\"{&quot;_animation&quot;:&quot;fadeIn&quot;,&quot;_animation_delay&quot;:&quot;200&quot;}\" data-widget_type=\"heading.default\">\n\t\t\t\t<div class=\"elementor-widget-container\">\n\t\t\t\t\t<h3 class=\"elementor-heading-title elementor-size-default\">relaks nad morzem<\/h3>\t\t\t\t<\/div>\n\t\t\t\t<\/div>\n\t\t\t\t<div class=\"elementor-element elementor-element-bc798ba elementor-widget elementor-widget-spacer\" data-id=\"bc798ba\" data-element_type=\"widget\" data-e-type=\"widget\" data-widget_type=\"spacer.default\">\n\t\t\t\t<div class=\"elementor-widget-container\">\n\t\t\t\t\t\t\t<div class=\"elementor-spacer\">\n\t\t\t<div class=\"elementor-spacer-inner\"><\/div>\n\t\t<\/div>\n\t\t\t\t\t\t<\/div>\n\t\t\t\t<\/div>\n\t\t\t\t<div class=\"elementor-element elementor-element-9a75366 elementor-widget elementor-widget-spacer\" data-id=\"9a75366\" data-element_type=\"widget\" data-e-type=\"widget\" data-widget_type=\"spacer.default\">\n\t\t\t\t<div class=\"elementor-widget-container\">\n\t\t\t\t\t\t\t<div class=\"elementor-spacer\">\n\t\t\t<div class=\"elementor-spacer-inner\"><\/div>\n\t\t<\/div>\n\t\t\t\t\t\t<\/div>\n\t\t\t\t<\/div>\n\t\t\t\t\t<\/div>\n\t\t<\/div>\n\t\t\t\t\t<\/div>\n\t\t<\/section>\n\t\t\t\t<section class=\"elementor-section elementor-top-section elementor-element elementor-element-77f40e7 elementor-section-boxed elementor-section-height-default elementor-section-height-default\" data-id=\"77f40e7\" data-element_type=\"section\" data-e-type=\"section\">\n\t\t\t\t\t\t<div class=\"elementor-container elementor-column-gap-default\">\n\t\t\t\t\t<div class=\"elementor-column elementor-col-100 elementor-top-column elementor-element elementor-element-f4448cc\" data-id=\"f4448cc\" data-element_type=\"column\" data-e-type=\"column\">\n\t\t\t<div class=\"elementor-widget-wrap elementor-element-populated\">\n\t\t\t\t\t\t<div class=\"elementor-element elementor-element-3882117 e-transform elementor-widget elementor-widget-heading\" data-id=\"3882117\" data-element_type=\"widget\" data-e-type=\"widget\" data-settings=\"{&quot;_transform_scale_effect&quot;:{&quot;unit&quot;:&quot;px&quot;,&quot;size&quot;:1,&quot;sizes&quot;:[]},&quot;_transform_scale_effect_tablet&quot;:{&quot;unit&quot;:&quot;px&quot;,&quot;size&quot;:&quot;&quot;,&quot;sizes&quot;:[]},&quot;_transform_scale_effect_mobile&quot;:{&quot;unit&quot;:&quot;px&quot;,&quot;size&quot;:&quot;&quot;,&quot;sizes&quot;:[]}}\" data-widget_type=\"heading.default\">\n\t\t\t\t<div class=\"elementor-widget-container\">\n\t\t\t\t\t<h2 class=\"elementor-heading-title elementor-size-large\"><b>Jaros\u0142awiec - Jezierzany <\/b><br>Domki nad morzem<\/h2>\t\t\t\t<\/div>\n\t\t\t\t<\/div>\n\t\t\t\t\t<\/div>\n\t\t<\/div>\n\t\t\t\t\t<\/div>\n\t\t<\/section>\n\t\t\t\t<section class=\"elementor-section elementor-top-section elementor-element elementor-element-116c73f elementor-section-boxed elementor-section-height-default elementor-section-height-default\" data-id=\"116c73f\" data-element_type=\"section\" data-e-type=\"section\">\n\t\t\t\t\t\t<div class=\"elementor-container elementor-column-gap-default\">\n\t\t\t\t\t<div class=\"elementor-column elementor-col-100 elementor-top-column elementor-element elementor-element-4595a70\" data-id=\"4595a70\" data-element_type=\"column\" data-e-type=\"column\">\n\t\t\t<div class=\"elementor-widget-wrap elementor-element-populated\">\n\t\t\t\t\t\t<div class=\"elementor-element elementor-element-ee68094 e-transform e-transform elementor-widget-mobile__width-initial elementor-widget elementor-widget-text-editor\" data-id=\"ee68094\" data-element_type=\"widget\" data-e-type=\"widget\" data-settings=\"{&quot;_transform_translateX_effect&quot;:{&quot;unit&quot;:&quot;px&quot;,&quot;size&quot;:139,&quot;sizes&quot;:[]},&quot;_transform_scale_effect&quot;:{&quot;unit&quot;:&quot;px&quot;,&quot;size&quot;:1.2,&quot;sizes&quot;:[]},&quot;_transform_scale_effect_mobile&quot;:{&quot;unit&quot;:&quot;px&quot;,&quot;size&quot;:0.8,&quot;sizes&quot;:[]},&quot;_transform_translateX_effect_tablet&quot;:{&quot;unit&quot;:&quot;px&quot;,&quot;size&quot;:&quot;&quot;,&quot;sizes&quot;:[]},&quot;_transform_translateX_effect_mobile&quot;:{&quot;unit&quot;:&quot;px&quot;,&quot;size&quot;:&quot;&quot;,&quot;sizes&quot;:[]},&quot;_transform_translateY_effect&quot;:{&quot;unit&quot;:&quot;px&quot;,&quot;size&quot;:&quot;&quot;,&quot;sizes&quot;:[]},&quot;_transform_translateY_effect_tablet&quot;:{&quot;unit&quot;:&quot;px&quot;,&quot;size&quot;:&quot;&quot;,&quot;sizes&quot;:[]},&quot;_transform_translateY_effect_mobile&quot;:{&quot;unit&quot;:&quot;px&quot;,&quot;size&quot;:&quot;&quot;,&quot;sizes&quot;:[]},&quot;_transform_scale_effect_tablet&quot;:{&quot;unit&quot;:&quot;px&quot;,&quot;size&quot;:&quot;&quot;,&quot;sizes&quot;:[]}}\" data-widget_type=\"text-editor.default\">\n\t\t\t\t<div class=\"elementor-widget-container\">\n\t\t\t\t\t\t\t\t\t<h2><span style=\"font-weight: normal;\">MORZE, JEZIORO,\u00a0 \u0141\u0104KI,\u00a0 LASY<\/span><\/h2>\t\t\t\t\t\t\t\t<\/div>\n\t\t\t\t<\/div>\n\t\t\t\t<div class=\"elementor-element elementor-element-e14c19a elementor-widget__width-initial elementor-widget elementor-widget-text-editor\" data-id=\"e14c19a\" data-element_type=\"widget\" data-e-type=\"widget\" data-widget_type=\"text-editor.default\">\n\t\t\t\t<div class=\"elementor-widget-container\">\n\t\t\t\t\t\t\t\t\t<p>Zapraszamy do przestronnych domk\u00f3w z ogrodem w spokojnej\u00a0<span style=\"font-size: inherit;\">i malowniczej okolicy!<\/span><\/p><p><\/p><p>Domki znajduj\u0105 si\u0119 na uboczu miejscowo\u015bci Jaros\u0142awiec, kt\u00f3ra s\u0142ynie z najwi\u0119kszej pla\u017cy w Europie &#8211; pla\u017cy &#8222;Dubaj&#8221;. Po\u0142o\u017cenie gwarantuje nam spok\u00f3j od t\u0119tni\u0105cego \u017cyciem w sezonie centrum Jaros\u0142awca a zarazem blisko\u015b\u0107 do morza, gdy\u017c od zej\u015bcia na piaszczyst\u0105 pla\u017c\u0119 dzieli nas zaledwie 30 minut spaceru przez urokliw\u0105 nadmorsk\u0105 miejscowo\u015b\u0107.\u00a0Nieopodal domk\u00f3w znajduje si\u0119 r\u00f3wnie\u017c jezioro Wicko z pla\u017c\u0105 miejsk\u0105 i mo\u017cliwo\u015bci\u0105 wypo\u017cyczenia sprz\u0119t\u00f3w wodnych. Idealne miejsce dla zwolennik\u00f3w zabaw wodnych i mi\u0142o\u015bnik\u00f3w w\u0119dkarstwa!<\/p>\t\t\t\t\t\t\t\t<\/div>\n\t\t\t\t<\/div>\n\t\t\t\t\t<\/div>\n\t\t<\/div>\n\t\t\t\t\t<\/div>\n\t\t<\/section>\n\t\t\t\t<section class=\"elementor-section elementor-top-section elementor-element elementor-element-1d11614 elementor-section-boxed elementor-section-height-default elementor-section-height-default\" data-id=\"1d11614\" data-element_type=\"section\" data-e-type=\"section\">\n\t\t\t\t\t\t<div class=\"elementor-container elementor-column-gap-default\">\n\t\t\t\t\t<div class=\"elementor-column elementor-col-100 elementor-top-column elementor-element elementor-element-422d4ca\" data-id=\"422d4ca\" data-element_type=\"column\" data-e-type=\"column\">\n\t\t\t<div class=\"elementor-widget-wrap elementor-element-populated\">\n\t\t\t\t\t\t<div class=\"elementor-element elementor-element-8314d17 elementor-widget elementor-widget-image\" data-id=\"8314d17\" data-element_type=\"widget\" data-e-type=\"widget\" data-widget_type=\"image.default\">\n\t\t\t\t<div class=\"elementor-widget-container\">\n\t\t\t\t\t\t\t\t\t\t\t\t<figure class=\"wp-caption\">\n\t\t\t\t\t\t\t\t\t\t<img fetchpriority=\"high\" decoding=\"async\" width=\"750\" height=\"563\" src=\"https:\/\/relaks-domki.pl\/wp-content\/uploads\/2022\/11\/slonce-lato-1024x768.jpg\" class=\"attachment-large size-large wp-image-129\" alt=\"\" srcset=\"https:\/\/relaks-domki.pl\/wp-content\/uploads\/2022\/11\/slonce-lato-1024x768.jpg 1024w, https:\/\/relaks-domki.pl\/wp-content\/uploads\/2022\/11\/slonce-lato-300x225.jpg 300w, https:\/\/relaks-domki.pl\/wp-content\/uploads\/2022\/11\/slonce-lato-768x576.jpg 768w, https:\/\/relaks-domki.pl\/wp-content\/uploads\/2022\/11\/slonce-lato-1536x1152.jpg 1536w, https:\/\/relaks-domki.pl\/wp-content\/uploads\/2022\/11\/slonce-lato-2048x1536.jpg 2048w\" sizes=\"(max-width: 750px) 100vw, 750px\" \/>\t\t\t\t\t\t\t\t\t\t\t<figcaption class=\"widget-image-caption wp-caption-text\"><\/figcaption>\n\t\t\t\t\t\t\t\t\t\t<\/figure>\n\t\t\t\t\t\t\t\t\t<\/div>\n\t\t\t\t<\/div>\n\t\t\t\t\t<\/div>\n\t\t<\/div>\n\t\t\t\t\t<\/div>\n\t\t<\/section>\n\t\t\t\t<section class=\"elementor-section elementor-top-section elementor-element elementor-element-8d1c555 elementor-section-boxed elementor-section-height-default elementor-section-height-default\" data-id=\"8d1c555\" data-element_type=\"section\" data-e-type=\"section\">\n\t\t\t\t\t\t<div class=\"elementor-container elementor-column-gap-default\">\n\t\t\t\t\t<div class=\"elementor-column elementor-col-100 elementor-top-column elementor-element elementor-element-b0b1cc9\" data-id=\"b0b1cc9\" data-element_type=\"column\" data-e-type=\"column\">\n\t\t\t<div class=\"elementor-widget-wrap elementor-element-populated\">\n\t\t\t\t\t\t<div class=\"elementor-element elementor-element-6f4051c elementor-widget elementor-widget-spacer\" data-id=\"6f4051c\" data-element_type=\"widget\" data-e-type=\"widget\" data-widget_type=\"spacer.default\">\n\t\t\t\t<div class=\"elementor-widget-container\">\n\t\t\t\t\t\t\t<div class=\"elementor-spacer\">\n\t\t\t<div class=\"elementor-spacer-inner\"><\/div>\n\t\t<\/div>\n\t\t\t\t\t\t<\/div>\n\t\t\t\t<\/div>\n\t\t\t\t<div class=\"elementor-element elementor-element-9f03f9c elementor-widget elementor-widget-heading\" data-id=\"9f03f9c\" data-element_type=\"widget\" data-e-type=\"widget\" data-widget_type=\"heading.default\">\n\t\t\t\t<div class=\"elementor-widget-container\">\n\t\t\t\t\t<h3 class=\"elementor-heading-title elementor-size-large\"><b>Domki nad morzem - okolica mo\u017ce pochwali\u0107 si\u0119 licznymi atrakcjami  ;<\/b><\/h3>\t\t\t\t<\/div>\n\t\t\t\t<\/div>\n\t\t\t\t<div class=\"elementor-element elementor-element-fb4bc20 elementor-widget elementor-widget-text-editor\" data-id=\"fb4bc20\" data-element_type=\"widget\" data-e-type=\"widget\" data-widget_type=\"text-editor.default\">\n\t\t\t\t<div class=\"elementor-widget-container\">\n\t\t\t\t\t\t\t\t\t<p>-Najwi\u0119ksza piaszczysta pla\u017ca w Europie<\/p>\n<p>-Latarnia morska w Jaros\u0142awcu<\/p>\n<p>-Przysta\u0144 kutr\u00f3w rybackich<\/p>\n<p>-Muzeum bursztynu<\/p>\n<p>-Aquapark Panorama Morska<\/p>\n<p>-Ruiny bazy 66 Dywizji wojsk obrony przeciwrakietowej<\/p>\n<p>-Miejsce obserwacji \u0107wicze\u0144 wojskowych na poligonie &#8222;Wicko&#8221;<\/p>\n<p>-Skansen w starym m\u0142ynie w miejscowo\u015bci Na\u0107mierz<\/p>\n<p>-Malownicza nadmorska miejscowo\u015b\u0107 Dar\u0142owo z portem<\/p>\t\t\t\t\t\t\t\t<\/div>\n\t\t\t\t<\/div>\n\t\t\t\t\t<\/div>\n\t\t<\/div>\n\t\t\t\t\t<\/div>\n\t\t<\/section>\n\t\t\t\t<section class=\"elementor-section elementor-top-section elementor-element elementor-element-bf55424 elementor-section-boxed elementor-section-height-default elementor-section-height-default\" data-id=\"bf55424\" data-element_type=\"section\" data-e-type=\"section\">\n\t\t\t\t\t\t<div class=\"elementor-container elementor-column-gap-default\">\n\t\t\t\t\t<div class=\"elementor-column elementor-col-100 elementor-top-column elementor-element elementor-element-035d2cd\" data-id=\"035d2cd\" data-element_type=\"column\" data-e-type=\"column\">\n\t\t\t<div class=\"elementor-widget-wrap elementor-element-populated\">\n\t\t\t\t\t\t<div class=\"elementor-element elementor-element-bdb8023 elementor-widget elementor-widget-spacer\" data-id=\"bdb8023\" data-element_type=\"widget\" data-e-type=\"widget\" data-widget_type=\"spacer.default\">\n\t\t\t\t<div class=\"elementor-widget-container\">\n\t\t\t\t\t\t\t<div class=\"elementor-spacer\">\n\t\t\t<div class=\"elementor-spacer-inner\"><\/div>\n\t\t<\/div>\n\t\t\t\t\t\t<\/div>\n\t\t\t\t<\/div>\n\t\t\t\t<div class=\"elementor-element elementor-element-dc7c10a elementor-widget elementor-widget-video\" data-id=\"dc7c10a\" data-element_type=\"widget\" data-e-type=\"widget\" data-settings=\"{&quot;youtube_url&quot;:&quot;https:\\\/\\\/www.youtube.com\\\/watch?v=y8IMdtLha7g&quot;,&quot;video_type&quot;:&quot;youtube&quot;,&quot;controls&quot;:&quot;yes&quot;}\" data-widget_type=\"video.default\">\n\t\t\t\t<div class=\"elementor-widget-container\">\n\t\t\t\t\t\t\t<div class=\"elementor-wrapper elementor-open-inline\">\n\t\t\t<div class=\"elementor-video\"><\/div>\t\t<\/div>\n\t\t\t\t\t\t<\/div>\n\t\t\t\t<\/div>\n\t\t\t\t\t<\/div>\n\t\t<\/div>\n\t\t\t\t\t<\/div>\n\t\t<\/section>\n\t\t\t\t<section class=\"elementor-section elementor-top-section elementor-element elementor-element-52f1547 elementor-section-boxed elementor-section-height-default elementor-section-height-default\" data-id=\"52f1547\" data-element_type=\"section\" data-e-type=\"section\">\n\t\t\t\t\t\t<div class=\"elementor-container elementor-column-gap-default\">\n\t\t\t\t\t<div class=\"elementor-column elementor-col-100 elementor-top-column elementor-element elementor-element-cc407b7\" data-id=\"cc407b7\" data-element_type=\"column\" data-e-type=\"column\">\n\t\t\t<div class=\"elementor-widget-wrap\">\n\t\t\t\t\t\t\t<\/div>\n\t\t<\/div>\n\t\t\t\t\t<\/div>\n\t\t<\/section>\n\t\t\t\t<\/div>\n\t\t","protected":false},"excerpt":{"rendered":"<p>Domki na wynajem w malowniczym otoczeniu i blisko morza Zaplanuj sw\u00f3j urlop relaks nad morzem Jaros\u0142awiec &#8211; Jezierzany Domki nad morzem MORZE, JEZIORO,\u00a0 \u0141\u0104KI,\u00a0 LASY Zapraszamy do przestronnych domk\u00f3w z ogrodem w spokojnej\u00a0i malowniczej okolicy! Domki znajduj\u0105 si\u0119 na uboczu miejscowo\u015bci Jaros\u0142awiec, kt\u00f3ra s\u0142ynie z najwi\u0119kszej pla\u017cy w Europie &#8211; [&hellip;]<\/p>\n","protected":false},"author":1,"featured_media":0,"parent":0,"menu_order":0,"comment_status":"closed","ping_status":"closed","template":"","meta":{"footnotes":""},"class_list":["post-62","page","type-page","status-publish","hentry"],"yoast_head":"<!-- This site is optimized with the Yoast SEO plugin v27.6 - https:\/\/yoast.com\/product\/yoast-seo-wordpress\/ -->\n<title>Domki nad morzem<\/title>\n<meta name=\"description\" content=\"Prywatno\u015b\u0107, komfort, morski klimat i spok\u00f3j. Nasze domki w nadmorskiej miejscowo\u015bci to idealne miejsce na urlop. Jaros\u0142awiec czeka!\" \/>\n<meta name=\"robots\" content=\"index, follow, max-snippet:-1, max-image-preview:large, max-video-preview:-1\" \/>\n<link rel=\"canonical\" href=\"https:\/\/relaks-domki.pl\/\" \/>\n<meta property=\"og:locale\" content=\"pl_PL\" \/>\n<meta property=\"og:type\" content=\"article\" \/>\n<meta property=\"og:title\" content=\"Domki nad morzem\" \/>\n<meta property=\"og:description\" content=\"Prywatno\u015b\u0107, komfort, morski klimat i spok\u00f3j. Nasze domki w nadmorskiej miejscowo\u015bci to idealne miejsce na urlop. Jaros\u0142awiec czeka!\" \/>\n<meta property=\"og:url\" content=\"https:\/\/relaks-domki.pl\/\" \/>\n<meta property=\"og:site_name\" content=\"Domki nad morzem\" \/>\n<meta property=\"article:modified_time\" content=\"2024-09-10T14:02:09+00:00\" \/>\n<meta property=\"og:image\" content=\"http:\/\/relaks-domki.pl\/wp-content\/uploads\/2022\/11\/slonce-lato-1024x768.jpg\" \/>\n<meta name=\"twitter:card\" content=\"summary_large_image\" \/>\n<meta name=\"twitter:label1\" content=\"Szacowany czas czytania\" \/>\n\t<meta name=\"twitter:data1\" content=\"2 minuty\" \/>\n<script type=\"application\/ld+json\" class=\"yoast-schema-graph\">{\"@context\":\"https:\\\/\\\/schema.org\",\"@graph\":[{\"@type\":\"WebPage\",\"@id\":\"https:\\\/\\\/relaks-domki.pl\\\/\",\"url\":\"https:\\\/\\\/relaks-domki.pl\\\/\",\"name\":\"Domki nad morzem\",\"isPartOf\":{\"@id\":\"https:\\\/\\\/relaks-domki.pl\\\/#website\"},\"primaryImageOfPage\":{\"@id\":\"https:\\\/\\\/relaks-domki.pl\\\/#primaryimage\"},\"image\":{\"@id\":\"https:\\\/\\\/relaks-domki.pl\\\/#primaryimage\"},\"thumbnailUrl\":\"http:\\\/\\\/relaks-domki.pl\\\/wp-content\\\/uploads\\\/2022\\\/11\\\/slonce-lato-1024x768.jpg\",\"datePublished\":\"2022-11-09T11:52:58+00:00\",\"dateModified\":\"2024-09-10T14:02:09+00:00\",\"description\":\"Prywatno\u015b\u0107, komfort, morski klimat i spok\u00f3j. Nasze domki w nadmorskiej miejscowo\u015bci to idealne miejsce na urlop. Jaros\u0142awiec czeka!\",\"breadcrumb\":{\"@id\":\"https:\\\/\\\/relaks-domki.pl\\\/#breadcrumb\"},\"inLanguage\":\"pl-PL\",\"potentialAction\":[{\"@type\":\"ReadAction\",\"target\":[\"https:\\\/\\\/relaks-domki.pl\\\/\"]}]},{\"@type\":\"ImageObject\",\"inLanguage\":\"pl-PL\",\"@id\":\"https:\\\/\\\/relaks-domki.pl\\\/#primaryimage\",\"url\":\"http:\\\/\\\/relaks-domki.pl\\\/wp-content\\\/uploads\\\/2022\\\/11\\\/slonce-lato-1024x768.jpg\",\"contentUrl\":\"http:\\\/\\\/relaks-domki.pl\\\/wp-content\\\/uploads\\\/2022\\\/11\\\/slonce-lato-1024x768.jpg\"},{\"@type\":\"BreadcrumbList\",\"@id\":\"https:\\\/\\\/relaks-domki.pl\\\/#breadcrumb\",\"itemListElement\":[{\"@type\":\"ListItem\",\"position\":1,\"name\":\"Strona g\u0142\u00f3wna\",\"item\":\"https:\\\/\\\/relaks-domki.pl\\\/\"},{\"@type\":\"ListItem\",\"position\":2,\"name\":\"Home\"}]},{\"@type\":\"WebSite\",\"@id\":\"https:\\\/\\\/relaks-domki.pl\\\/#website\",\"url\":\"https:\\\/\\\/relaks-domki.pl\\\/\",\"name\":\"Domki nad morzem\",\"description\":\"relaks-domki\",\"potentialAction\":[{\"@type\":\"SearchAction\",\"target\":{\"@type\":\"EntryPoint\",\"urlTemplate\":\"https:\\\/\\\/relaks-domki.pl\\\/?s={search_term_string}\"},\"query-input\":{\"@type\":\"PropertyValueSpecification\",\"valueRequired\":true,\"valueName\":\"search_term_string\"}}],\"inLanguage\":\"pl-PL\"}]}<\/script>\n<!-- \/ Yoast SEO plugin. -->","yoast_head_json":{"title":"Domki nad morzem","description":"Prywatno\u015b\u0107, komfort, morski klimat i spok\u00f3j. Nasze domki w nadmorskiej miejscowo\u015bci to idealne miejsce na urlop. Jaros\u0142awiec czeka!","robots":{"index":"index","follow":"follow","max-snippet":"max-snippet:-1","max-image-preview":"max-image-preview:large","max-video-preview":"max-video-preview:-1"},"canonical":"https:\/\/relaks-domki.pl\/","og_locale":"pl_PL","og_type":"article","og_title":"Domki nad morzem","og_description":"Prywatno\u015b\u0107, komfort, morski klimat i spok\u00f3j. Nasze domki w nadmorskiej miejscowo\u015bci to idealne miejsce na urlop. Jaros\u0142awiec czeka!","og_url":"https:\/\/relaks-domki.pl\/","og_site_name":"Domki nad morzem","article_modified_time":"2024-09-10T14:02:09+00:00","og_image":[{"url":"http:\/\/relaks-domki.pl\/wp-content\/uploads\/2022\/11\/slonce-lato-1024x768.jpg","type":"","width":"","height":""}],"twitter_card":"summary_large_image","twitter_misc":{"Szacowany czas czytania":"2 minuty"},"schema":{"@context":"https:\/\/schema.org","@graph":[{"@type":"WebPage","@id":"https:\/\/relaks-domki.pl\/","url":"https:\/\/relaks-domki.pl\/","name":"Domki nad morzem","isPartOf":{"@id":"https:\/\/relaks-domki.pl\/#website"},"primaryImageOfPage":{"@id":"https:\/\/relaks-domki.pl\/#primaryimage"},"image":{"@id":"https:\/\/relaks-domki.pl\/#primaryimage"},"thumbnailUrl":"http:\/\/relaks-domki.pl\/wp-content\/uploads\/2022\/11\/slonce-lato-1024x768.jpg","datePublished":"2022-11-09T11:52:58+00:00","dateModified":"2024-09-10T14:02:09+00:00","description":"Prywatno\u015b\u0107, komfort, morski klimat i spok\u00f3j. Nasze domki w nadmorskiej miejscowo\u015bci to idealne miejsce na urlop. Jaros\u0142awiec czeka!","breadcrumb":{"@id":"https:\/\/relaks-domki.pl\/#breadcrumb"},"inLanguage":"pl-PL","potentialAction":[{"@type":"ReadAction","target":["https:\/\/relaks-domki.pl\/"]}]},{"@type":"ImageObject","inLanguage":"pl-PL","@id":"https:\/\/relaks-domki.pl\/#primaryimage","url":"http:\/\/relaks-domki.pl\/wp-content\/uploads\/2022\/11\/slonce-lato-1024x768.jpg","contentUrl":"http:\/\/relaks-domki.pl\/wp-content\/uploads\/2022\/11\/slonce-lato-1024x768.jpg"},{"@type":"BreadcrumbList","@id":"https:\/\/relaks-domki.pl\/#breadcrumb","itemListElement":[{"@type":"ListItem","position":1,"name":"Strona g\u0142\u00f3wna","item":"https:\/\/relaks-domki.pl\/"},{"@type":"ListItem","position":2,"name":"Home"}]},{"@type":"WebSite","@id":"https:\/\/relaks-domki.pl\/#website","url":"https:\/\/relaks-domki.pl\/","name":"Domki nad morzem","description":"relaks-domki","potentialAction":[{"@type":"SearchAction","target":{"@type":"EntryPoint","urlTemplate":"https:\/\/relaks-domki.pl\/?s={search_term_string}"},"query-input":{"@type":"PropertyValueSpecification","valueRequired":true,"valueName":"search_term_string"}}],"inLanguage":"pl-PL"}]}},"_links":{"self":[{"href":"https:\/\/relaks-domki.pl\/index.php?rest_route=\/wp\/v2\/pages\/62","targetHints":{"allow":["GET"]}}],"collection":[{"href":"https:\/\/relaks-domki.pl\/index.php?rest_route=\/wp\/v2\/pages"}],"about":[{"href":"https:\/\/relaks-domki.pl\/index.php?rest_route=\/wp\/v2\/types\/page"}],"author":[{"embeddable":true,"href":"https:\/\/relaks-domki.pl\/index.php?rest_route=\/wp\/v2\/users\/1"}],"replies":[{"embeddable":true,"href":"https:\/\/relaks-domki.pl\/index.php?rest_route=%2Fwp%2Fv2%2Fcomments&post=62"}],"version-history":[{"count":191,"href":"https:\/\/relaks-domki.pl\/index.php?rest_route=\/wp\/v2\/pages\/62\/revisions"}],"predecessor-version":[{"id":528,"href":"https:\/\/relaks-domki.pl\/index.php?rest_route=\/wp\/v2\/pages\/62\/revisions\/528"}],"wp:attachment":[{"href":"https:\/\/relaks-domki.pl\/index.php?rest_route=%2Fwp%2Fv2%2Fmedia&parent=62"}],"curies":[{"name":"wp","href":"https:\/\/api.w.org\/{rel}","templated":true}]}}